= 7*d - 1. Let n = -4 + 6. Let c be z(n). Let q = c - 8. What is the remainder when q is divided by 2?
1
Let r(c) = c**3 - 7*c**2. Let k be r(7). Let x(i) = -i + 9. Calculate the remainder when 17 is divided by x(k).
8
Suppose 3*b - 27 - 2 = -5*z, -4*b = -5*z - 97. What is the remainder when 66 is divided by b?
12
Suppose 3*y - 43 = -4*s, 2*y + 30 = 5*s + y. What is the remainder when 19 is divided by s?
5
Let a = -16 + 24. Let j = 10 - a. Calculate the remainder when 6 is divided by j.
0
Suppose 2*h + 0 + 7 = -l, -5*l = 2*h + 3. Let t(w) = 7. Let j(p) = -p + 13. Let b(x) = 3*j(x) - 5*t(x). What is the remainder when 29 is divided by b(h)?
13
Suppose -5*c = -4*v + 2 + 22, -4*v + 64 = 5*c. Suppose -3*h = -3*t - 126, 0*h - 202 = -5*h - 3*t. Calculate the remainder when h is divided by v.
8
Suppose -2*g - 2*z - 2 = -4, -7 = -2*g - z. Suppose 4*r + g = 2*x, 2*x - 2*r = -4*r - 18. Let k = 6 - x. What is the remainder when 32 is divided by k?
10
Suppose 2*t + 42 = -3*a + 8*a, a - 2*t = 2. What is the remainder when 38 is divided by a?
8
Calculate the remainder when 6/(-15) + (-37)/(-5) is divided by 16/(-40) + (-24)/(-10).
1
Let g = -10 - -14. Let w(y) = 5*y - 5. What is the remainder when 27 is divided by w(g)?
12
Suppose 0*d + d = -2. What is the remainder when 9*4*(0 + 1) is divided by 1 - (d + 1) - -17?
17
Let i(g) = -6*g**3 - 2*g**2 - g. What is the remainder when i(-1) is divided by 5/2 - -3*(-1)/6?
1
Let w be (-25 - 3)*(-3)/2. Suppose -4*l = 2*u - w, u = 3*l - l + 9. Calculate the remainder when 43 is divided by u.
13
Let o(r) = 1 - 4*r - 2*r**2 + 7*r + 2*r + r**2. Suppose 2*y = 8 + 32. Calculate the remainder when y is divided by o(3).
6
Let l(z) = 3*z**2 - 7*z + 6. Suppose -3*c + 11 = -1. Suppose -36 = k - c*k. Calculate the remainder when l(5) is divided by k.
10
Let c = 28 + -22. Calculate the remainder when 9 is divided by c.
3
What is the remainder when 87 is divided by 5/(-10)*(3 - 47)?
21
Let s(w) = -w - 2. What is the remainder when s(-8) is divided by 3?
0
Suppose 2*v = -l - 3*v + 24, 0 = 4*l + v - 1. Let a = 33 - l. Calculate the remainder when a is divided by 9.
7
Let n(a) = a**3 + 4*a**2 - 6*a - 4. Let y be n(-5). Let w be (-7)/(2/(-11 + y)). Suppose -2*t + 5 = -w. What is the remainder when t is divided by 11?
9
Let c(d) be the second derivative of 5*d**3/6 + 2*d**2 + 4*d. Calculate the remainder when c(3) is divided by 7.
5
Let s = 31 + -8. What is the remainder when 68 is divided by s?
22
Let i = 203 - 198. Let z(p) = 2*p + 5. Calculate the remainder when z(4) is divided by i.
3
Let h = -100 + 165. What is the remainder when 38 is divided by (1/1)/(5/h)?
12
Calculate the remainder when 13 is divided by 44/(-6)*(-15)/10.
2
Let x = 64 + -37. Let n = -4 - -1. Calculate the remainder when x is divided by n*((-28)/6 + 0).
13
Suppose -4*a = 0, 3*s - 6 = -a + 6*a. Let o be (8/s)/2 + 1. Suppose v + 4*w - 11 = 0, 19 = -o*v + 4*v - 4*w. Calculate the remainder when 29 is divided by v.
14
Suppose -21 - 15 = -2*j. Calculate the remainder when j is divided by 5.
3
What is the remainder when (-35)/14*36/(-5) is divided by 5?
3
Let h be (0 - -2)*(-34)/(-4). Let c(v) = v**3 + 4*v**2 - 5*v. Let j be c(-5). Let l = h - j. What is the remainder when l is divided by 6?
5
Suppose 3*k - 2*k - 8 = 0. Let x = -126 + 57. What is the remainder when -1*x/3*1 is divided by k?
7
Let n(y) = 3*y**2 + 2*y - 1. What is the remainder when n(2) is divided by (1 - 2)*(-10 - -9)*4?
3
Let v(j) = 4*j**3 + 11*j**2 - 2*j + 10. Let a(n) = 3*n**3 + 10*n**2 - n + 10. Let p(s) = -5*a(s) + 4*v(s). Calculate the remainder when 70 is divided by p(7).
16
Let y(g) = -3*g - 3. Let a be y(-9). Let n = -7 + a. What is the remainder when 67 is divided by n?
16
Let d(f) = -f**3 - 2*f**2 + 4*f + 1. Let j be d(-3). Let z = 2 + j. Let m(k) = k**3 - k**2 + k + 6. Calculate the remainder when 16 is divided by m(z).
4
Let q(k) = -k**3 + k + 1. Let j(a) = 6*a**3 + 5*a**2 - 2*a - 5. Let s(f) = j(f) + 5*q(f). Calculate the remainder when 17 is divided by s(-3).
8
Let b = 42 - 25. Suppose 7 - 1 = q. Calculate the remainder when b is divided by q.
5
Let i(b) = 3*b**2 - 2*b + 3. What is the remainder when i(4) is divided by 15?
13
Let w(r) = 3*r**2 + 4*r + 2. Suppose -2*u = 3*u + 15. Let i = u + 13. Calculate the remainder when i is divided by w(-2).
4
Let b = 2 + -6. Let a(c) = 16*c + 7. Let p be a(-3). Let o = b - p. Calculate the remainder when o is divided by 13.
11
Suppose -8*n + 3*n + 5*t = -40, 0 = -3*t. Calculate the remainder when 12 is divided by n.
4
Let k(y) = 2*y**3 + 3*y**2 - 2*y - 3. Let p be k(-3). Let j = p - -71. Calculate the remainder when j is divided by 16.
15
Suppose -5*p + 5 = -0. Let y be 15*((-4)/(-3))/(-4). Let i = p - y. What is the remainder when 17 is divided by i?
5
Suppose 5*v = 4*v + 28. Let h(x) = 2 + 3*x**2 + 3*x - 3 + 0*x - 2. Calculate the remainder when v is divided by h(-3).
13
Let u(n) = 2*n + 3. Suppose -3*x - 4*w = 2*x - 11, -13 = -4*x + w. Suppose 4*h - 3*r = x*h - 10, 5 = r. Calculate the remainder when 25 is divided by u(h).
12
Let x = -2 - -16. Let k = -11 - -13. Suppose k*r - 36 = -x. Calculate the remainder when r is divided by 6.
5
Let a(z) = -z - 8. Let o be a(-10). Suppose 2*f + 83 = -5*l, 4*l + 5*f + 65 = o. Let q = 25 + l. What is the remainder when q is divided by 5?
3
Let h(q) = -3*q - 5. Let r(s) = -s**2 + s + 76. Let a be r(0). Suppose 5*f - a = -2*x + 53, f - 2*x - 21 = 0. What is the remainder when f is divided by h(-6)?
12
Suppose 4*m - 40 = -m. What is the remainder when 29 is divided by m?
5
Suppose 6*r = 8*r - 62. Calculate the remainder when r is divided by 16.
15
Suppose a - 15 = -6. Calculate the remainder when 10 is divided by (a/2)/(12/16).
4
Let j = -15 + 32. What is the remainder when (-345)/(-5) + 2*-1 is divided by j?
16
Suppose 5*s + 4*r = -0*r - 70, -3*r = -5*s - 105. Let v = 1 - 7. Let h = v - s. What is the remainder when 34 is divided by h?
10
Suppose k + 10 = 6*k. Let c be k*(130/4 + -3). Suppose 3*y - 200 + c = 0. What is the remainder when y is divided by 24?
23
Let z(k) = -2 + 2*k**3 + 6*k**2 - 7*k - 4 - k**3. What is the remainder when z(-5) is divided by 14?
12
Calculate the remainder when (-2)/(4/6) - -147 is divided by 37.
33
What is the remainder when 14/1 + 5 + -1 is divided by 5?
3
Let r = 59 + -27. Suppose 3*o + r = -o. Let b(v) = -2*v + 3. What is the remainder when b(o) is divided by 7?
5
Let z(v) = v**3 + 6*v**2 - 6*v + 6. Let r be z(-7). Let m be r/(-1*3/15). Let f(q) = q**3 - 4*q**2 - 3*q - 2. What is the remainder when 23 is divided by f(m)?
7
Suppose z - 62 = -2*z + b, -5*z = -5*b - 110. What is the remainder when 59 is divided by z?
19
Suppose t - 5*t = -5*c + 171, 4*c = -3*t + 112. What is the remainder when c is divided by 17?
14
Let n be ((-6)/9)/(2/(-39)). Let f = n - 24. Let l = f + 16. What is the remainder when 13 is divided by l?
3
Let o = 38 + -19. Suppose -4*l + a = -4*a - 15, -3*l = 4*a - o. Calculate the remainder when l is divided by 2.
1
Let z be (-4)/2*(8 - 12). Suppose -z*i + 13*i - 175 = 0. Calculate the remainder when i is divided by 12.
11
Let t = -12 - -25. Suppose -4*m + 4*b + 284 = 0, 3*m + 2*b + 71 = 4*m. Suppose m + 3 = 2*g. What is the remainder when g is divided by t?
11
Let b be 4 - 2 - (1 + -4). Suppose -u + 20 = b*c, -c - 3 = -3*u + 9. What is the remainder when 17 is divided by u?
2
Let i(m) = 2 - 5*m - 3 + 2 - 9. Calculate the remainder when i(-8) is divided by 11.
10
Let d be 1 + -3 + 1 + -1. Let y be 155/d + (-9)/(-6). Let g = -53 - y. What is the remainder when g is divided by 12?
11
Let k(g) = -g**2 + 36*g + 60. Let i = -66 + 110. Calculate the remainder when i is divided by k(37).
21
Let i be (-7)/(((-6)/2)/9). Suppose 3*y - i = -0. Let h = 5 + -2. What is the remainder when y is divided by h?
1
Let n(o) = o**2 - 5*o + 1. Suppose t + 2*t - 135 = 0. Suppose 2*l + t = x, -3*l - 56 = -3*x + 76. What is the remainder when x is divided by n(7)?
13
Suppose 3*g = -2*r - 1 + 11, 3*r + 4*g - 15 = 0. Suppose n = r*n - 16. What is the remainder when (58/n)/((-3)/(-6)) is divided by 10?
9
Calculate the remainder when 106 is divided by (-219)/(-6) - (3 + (-21)/6).
32
Let b(r) = -r - 3*r**2 + 2 + 2*r**2 + 3*r**2. Calculate the remainder when 47 is divided by b(-2).
11
Le